{"id":4556,"date":"2018-09-11T16:44:52","date_gmt":"2018-09-11T19:44:52","guid":{"rendered":"https:\/\/dtmstudio.com.br\/DTM\/?page_id=4556"},"modified":"2018-09-24T11:45:42","modified_gmt":"2018-09-24T14:45:42","slug":"rdpmev1","status":"publish","type":"page","link":"https:\/\/dtmstudio.com.br\/DTM\/rdpmev1\/","title":{"rendered":"rdpmev1"},"content":{"rendered":"<p>[et_pb_section bb_built=&#8221;1&#8243; admin_label=&#8221;section&#8221; background_color=&#8221;#f8aa41&#8243; _builder_version=&#8221;3.15&#8243; next_background_color=&#8221;#e0e0e0&#8243; custom_margin=&#8221;0px|0px|0px|0px&#8221; custom_padding=&#8221;0px|0px|0px|0px&#8221;][et_pb_row admin_label=&#8221;row&#8221; parallax_method_1=&#8221;off&#8221; _builder_version=&#8221;3.4.1&#8243; background_size=&#8221;initial&#8221; background_position=&#8221;top_left&#8221; background_repeat=&#8221;repeat&#8221; custom_margin=&#8221;0px||0px|&#8221; custom_padding=&#8221;0px||13px|&#8221;][et_pb_column type=&#8221;3_4&#8243;][et_pb_divider _builder_version=&#8221;3.15&#8243; show_divider=&#8221;off&#8221; height=&#8221;20px&#8221; \/][et_pb_text _builder_version=&#8221;3.15&#8243; background_size=&#8221;initial&#8221; background_position=&#8221;top_left&#8221; background_repeat=&#8221;repeat&#8221; custom_margin=&#8221;12px|||&#8221; text_text_color=&#8221;#000000&#8243; header_text_color=&#8221;#000000&#8243; text_text_shadow_style=&#8221;preset2&#8243;]<\/p>\n<h5 style=\"text-align: center;\"><span style=\"color: #000000;\"><strong>INSCRI\u00c7\u00d5ES ABERTAS!!! <\/strong>CURSO DESENVOLVIMENTO DE PROJETO DE ARQUITETURA NO REVIT.<br \/>\n<\/span><\/h5>\n<p>[\/et_pb_text][\/et_pb_column][et_pb_column type=&#8221;1_4&#8243;][et_pb_cta admin_label=&#8221;Aula 01&#8243; button_url=&#8221;http:\/\/mkt.dtmstudio.com.br\/DTM\/rdpmev&#8221; button_text=&#8221;CLIQUE AQUI!&#8221; use_background_color=&#8221;off&#8221; background_layout=&#8221;light&#8221; _builder_version=&#8221;3.15&#8243; header_font=&#8221;|700|||||||&#8221; body_font=&#8221;|||on|||||&#8221; body_line_height=&#8221;1.2em&#8221; custom_button=&#8221;on&#8221; button_text_size=&#8221;16&#8243; custom_margin=&#8221;0px|0px|0px|0px&#8221; custom_padding=&#8221;0px|0px|0px|0px&#8221; button_text_color=&#8221;#000000&#8243; button_icon_color=&#8221;#000000&#8243; button_border_color_hover=&#8221;#494949&#8243; box_shadow_style_button=&#8221;preset3&#8243; \/][\/et_pb_column][\/et_pb_row][\/et_pb_section][et_pb_section bb_built=&#8221;1&#8243; admin_label=&#8221;section&#8221; background_color=&#8221;#e0e0e0&#8243; _builder_version=&#8221;3.9&#8243; parallax=&#8221;on&#8221; custom_padding=&#8221;45px|0px|20px|0px&#8221; next_background_color=&#8221;#f8aa41&#8243; prev_background_color=&#8221;#f8aa41&#8243;][et_pb_row admin_label=&#8221;row&#8221; custom_padding=&#8221;9px|0px|35px|0px&#8221; _builder_version=&#8221;3.0.47&#8243; background_size=&#8221;initial&#8221; background_position=&#8221;top_left&#8221; background_repeat=&#8221;repeat&#8221;][et_pb_column type=&#8221;4_4&#8243;][et_pb_text _builder_version=&#8221;3.9&#8243; text_orientation=&#8221;center&#8221;]<\/p>\n<h1 style=\"font-size: 52px;\"><span style=\"color: #2db1ff;\"><strong>Minicurso Online <\/strong><\/span><strong><span style=\"color: #333333;\">COMO DESENVOLVER O SEU PROJETO NO REVIT <\/span><\/strong><\/h1>\n<h2>aprenda como desenvolver O seu Estudo de Viabilidade no Revit<\/h2>\n<p>[\/et_pb_text][\/et_pb_column][\/et_pb_row][et_pb_row custom_width_px=&#8221;940px&#8221; use_custom_gutter=&#8221;on&#8221; gutter_width=&#8221;2&#8243; custom_padding=&#8221;0px|0px|20px|0px&#8221; padding_right_1=&#8221;7px&#8221; parallax_method_1=&#8221;off&#8221; parallax_method_2=&#8221;off&#8221; _builder_version=&#8221;3.9&#8243; background_size=&#8221;initial&#8221; background_position=&#8221;top_left&#8221; background_repeat=&#8221;repeat&#8221;][et_pb_column type=&#8221;4_4&#8243;][et_pb_video admin_label=&#8221;Video 01&#8243; src=&#8221;https:\/\/vimeo.com\/289347340&#8243; _builder_version=&#8221;3.9&#8243; \/][\/et_pb_column][\/et_pb_row][\/et_pb_section][et_pb_section bb_built=&#8221;1&#8243; admin_label=&#8221;section&#8221; _builder_version=&#8221;3.0.74&#8243; background_color=&#8221;#f8aa41&#8243; custom_padding=&#8221;0px|0px|0px|0px&#8221; prev_background_color=&#8221;#e0e0e0&#8243; next_background_color=&#8221;#f7f7f7&#8243;][et_pb_row admin_label=&#8221;row&#8221; custom_padding=&#8221;15px|8px|15px|0px&#8221; parallax_method_1=&#8221;off&#8221; _builder_version=&#8221;3.9&#8243; background_size=&#8221;initial&#8221; background_position=&#8221;top_left&#8221; background_repeat=&#8221;repeat&#8221;][et_pb_column type=&#8221;4_4&#8243;][et_pb_text _builder_version=&#8221;3.9&#8243; custom_margin=&#8221;12px|||&#8221;]<\/p>\n<h5 style=\"text-align: center;\"><strong>Fique atento!<\/strong> O link da <strong>aula ao vivo<\/strong> ser\u00e1 enviado exclusivamente no seu <strong>e-mail.<\/strong><\/h5>\n<p>[\/et_pb_text][\/et_pb_column][\/et_pb_row][\/et_pb_section][et_pb_section bb_built=&#8221;1&#8243; module_id=&#8221;layouts&#8221; _builder_version=&#8221;3.9&#8243; background_color=&#8221;#f7f7f7&#8243; custom_padding=&#8221;28px|0px|20px|0px|false|false&#8221; prev_background_color=&#8221;#f8aa41&#8243; next_background_color=&#8221;#f8aa41&#8243;][et_pb_row _builder_version=&#8221;3.0.48&#8243; background_size=&#8221;initial&#8221; background_position=&#8221;top_left&#8221; background_repeat=&#8221;repeat&#8221;][et_pb_column type=&#8221;4_4&#8243;][et_pb_countdown_timer title=&#8221;AO VIVO! segunda-feira, 10\/09 \u00e0s 20hs&#8221; date_time=&#8221;2018-09-10 20:00&#8243; _builder_version=&#8221;3.9&#8243; header_font=&#8221;||||||||&#8221; header_text_color=&#8221;#2db1ff&#8221; header_font_size=&#8221;22px&#8221; numbers_font=&#8221;||||||||&#8221; numbers_text_color=&#8221;#2db1ff&#8221; numbers_font_size=&#8221;24px&#8221; numbers_line_height=&#8221;24px&#8221; label_font=&#8221;||||||||&#8221; label_text_color=&#8221;#2db1ff&#8221; use_background_color=&#8221;off&#8221; background_layout=&#8221;light&#8221; \/][\/et_pb_column][\/et_pb_row][et_pb_row background_repeat_1=&#8221;no-repeat&#8221; background_repeat_2=&#8221;no-repeat&#8221; _builder_version=&#8221;3.0.71&#8243;][et_pb_column type=&#8221;1_2&#8243;][et_pb_gallery gallery_ids=&#8221;3673,4142,3674,3675&#8243; fullwidth=&#8221;on&#8221; _builder_version=&#8221;3.9&#8243; auto=&#8221;on&#8221; auto_speed=&#8221;1700&#8243; border_style=&#8221;solid&#8221; box_shadow_style=&#8221;preset2&#8243; \/][\/et_pb_column][et_pb_column type=&#8221;1_2&#8243;][et_pb_cta title=&#8221;Aula 1&#8243; button_text=&#8221;CLIQUE AQUI PARA ASSISTIR&#8221; _builder_version=&#8221;3.15&#8243; body_line_height=&#8221;2.2em&#8221; use_background_color=&#8221;off&#8221; custom_button=&#8221;on&#8221; button_text_size=&#8221;16&#8243; text_orientation=&#8221;left&#8221; background_layout=&#8221;light&#8221; border_style=&#8221;solid&#8221; button_url=&#8221;http:\/\/mkt.dtmstudio.com.br\/DTM\/red-rdpmev1&#8243;]<\/p>\n<ul>\n<li>Entender\u00e1 as Fases e as Etapas de um Projeto.<\/li>\n<li>Aprender\u00e1 os N\u00edveis de Desenvolvimento BIM (ND\/LOD).<\/li>\n<li>Compreender\u00e1 a import\u00e2ncia do planejamento BIM.<\/li>\n<li>Aprender\u00e1 sobre o escopo e objetivos da Etapa de Estudo de Viabilidade.<\/li>\n<li>Entender\u00e1 porque a Etapa de Estudo de Viabilidade \u00e9 uma das mais importantes do seu projeto no Revit.<\/li>\n<\/ul>\n<p>[\/et_pb_cta][\/et_pb_column][\/et_pb_row][et_pb_row _builder_version=&#8221;3.0.48&#8243; background_size=&#8221;initial&#8221; background_position=&#8221;top_left&#8221; background_repeat=&#8221;repeat&#8221;][et_pb_column type=&#8221;4_4&#8243;][et_pb_divider color=&#8221;#cecece&#8221; divider_position=&#8221;center&#8221; height=&#8221;10&#8243; disabled_on=&#8221;on|on|off&#8221; _builder_version=&#8221;3.2&#8243; hide_on_mobile=&#8221;on&#8221; \/][et_pb_countdown_timer title=&#8221; AO VIVO! segunda-feira, 17\/09 \u00e0s 20hs&#8221; date_time=&#8221;2018-09-17 20:00&#8243; _builder_version=&#8221;3.9&#8243; header_font=&#8221;||||||||&#8221; header_text_color=&#8221;#2db1ff&#8221; header_font_size=&#8221;22px&#8221; numbers_font=&#8221;||||||||&#8221; numbers_text_color=&#8221;#2db1ff&#8221; numbers_font_size=&#8221;24px&#8221; numbers_line_height=&#8221;24px&#8221; label_font=&#8221;||||||||&#8221; label_text_color=&#8221;#2db1ff&#8221; use_background_color=&#8221;off&#8221; background_layout=&#8221;light&#8221; \/][\/et_pb_column][\/et_pb_row][et_pb_row background_repeat_1=&#8221;no-repeat&#8221; background_repeat_2=&#8221;no-repeat&#8221; _builder_version=&#8221;3.9&#8243;][et_pb_column type=&#8221;1_2&#8243;][et_pb_cta title=&#8221;Aula 2&#8243; button_text=&#8221;CLIQUE AQUI PARA ASSISTIR&#8221; _builder_version=&#8221;3.15&#8243; body_line_height=&#8221;2.2em&#8221; use_background_color=&#8221;off&#8221; custom_button=&#8221;on&#8221; button_text_size=&#8221;16&#8243; text_orientation=&#8221;left&#8221; background_layout=&#8221;light&#8221; border_style=&#8221;solid&#8221; button_url=&#8221;http:\/\/mkt.dtmstudio.com.br\/DTM\/rdpmev&#8221;]<\/p>\n<ul>\n<li>Aprender\u00e1 3 Dicas Essenciais para iniciar corretamente o seu Estudo de Viabilidade no Revit.<\/li>\n<\/ul>\n<p>[\/et_pb_cta][\/et_pb_column][et_pb_column type=&#8221;1_2&#8243;][et_pb_gallery gallery_ids=&#8221;4521,4522,4525,4523&#8243; fullwidth=&#8221;on&#8221; _builder_version=&#8221;3.9&#8243; auto=&#8221;on&#8221; auto_speed=&#8221;3400&#8243; border_style=&#8221;solid&#8221; box_shadow_style=&#8221;preset2&#8243; \/][\/et_pb_column][\/et_pb_row][et_pb_row _builder_version=&#8221;3.0.48&#8243; background_size=&#8221;initial&#8221; background_position=&#8221;top_left&#8221; background_repeat=&#8221;repeat&#8221;][et_pb_column type=&#8221;4_4&#8243;][et_pb_divider color=&#8221;#cecece&#8221; divider_position=&#8221;center&#8221; height=&#8221;10&#8243; disabled_on=&#8221;on|on|off&#8221; _builder_version=&#8221;3.2&#8243; hide_on_mobile=&#8221;on&#8221; \/][et_pb_countdown_timer title=&#8221;segunda-feira, 25\/09 \u00e0s 20hs&#8221; date_time=&#8221;2018-09-25 20:00&#8243; _builder_version=&#8221;3.15&#8243; header_text_color=&#8221;#2db1ff&#8221; numbers_text_color=&#8221;#2db1ff&#8221; numbers_font_size=&#8221;24px&#8221; numbers_line_height=&#8221;24px&#8221; label_text_color=&#8221;#2db1ff&#8221; use_background_color=&#8221;off&#8221; background_layout=&#8221;light&#8221; \/][\/et_pb_column][\/et_pb_row][et_pb_row _builder_version=&#8221;3.0.48&#8243; background_size=&#8221;initial&#8221; background_position=&#8221;top_left&#8221; background_repeat=&#8221;repeat&#8221;][et_pb_column type=&#8221;1_2&#8243;][et_pb_gallery gallery_ids=&#8221;4139,4533,4518,4506,4507,4508,4509,4510,4511,4512&#8243; fullwidth=&#8221;on&#8221; _builder_version=&#8221;3.9&#8243; auto=&#8221;on&#8221; auto_speed=&#8221;1750&#8243; border_style=&#8221;solid&#8221; box_shadow_style=&#8221;preset2&#8243; \/][\/et_pb_column][et_pb_column type=&#8221;1_2&#8243;][et_pb_cta title=&#8221;O grande dia! Lan\u00e7amento do curso&#8221; button_text=&#8221;segunda-feira, 10\/09 \u00e0s 20hs&#8221; _builder_version=&#8221;3.9&#8243; body_font=&#8221;||||||||&#8221; body_line_height=&#8221;2.2em&#8221; use_background_color=&#8221;off&#8221; custom_button=&#8221;on&#8221; button_text_size=&#8221;16&#8243; button_font=&#8221;||||||||&#8221; text_orientation=&#8221;left&#8221; background_layout=&#8221;light&#8221; border_style=&#8221;solid&#8221;]<\/p>\n<h3 style=\"text-align: center;\"><strong>Revit ESTUDO DE VIABILIDADE<\/strong><\/h3>\n<ul>\n<li>Aprenda junto com a <strong>DTM<\/strong> a desenvolver no Revit o Estudo de Viabilidade de um edif\u00edcio multifamiliar de 11 Pavimentos.<\/li>\n<li>Receba toda a experi\u00eancia em Desenvolvimento de Projeto adquirida pela DTM Studio.<\/li>\n<li>Tenha acesso \u00e0s Fam\u00edlias e Checklists usados nos projetos da DTM Studio.<\/li>\n<\/ul>\n<p><span style=\"color: #000000;\"><strong>N\u00e3o perca a oferta especial de lan\u00e7amento!<\/strong><\/span><\/p>\n<p>[\/et_pb_cta][\/et_pb_column][\/et_pb_row][\/et_pb_section][et_pb_section bb_built=&#8221;1&#8243; admin_label=&#8221;section&#8221; _builder_version=&#8221;3.0.74&#8243; background_color=&#8221;#f8aa41&#8243; custom_padding=&#8221;0px|0px|0px|0px&#8221; prev_background_color=&#8221;#f7f7f7&#8243; next_background_color=&#8221;#e0e0e0&#8243;][et_pb_row admin_label=&#8221;row&#8221; custom_padding=&#8221;15px|8px|15px|0px&#8221; parallax_method_1=&#8221;off&#8221; _builder_version=&#8221;3.9&#8243; background_size=&#8221;initial&#8221; background_position=&#8221;top_left&#8221; background_repeat=&#8221;repeat&#8221;][et_pb_column type=&#8221;4_4&#8243;][et_pb_text _builder_version=&#8221;3.9&#8243; custom_margin=&#8221;12px|||&#8221;]<\/p>\n<h5 style=\"text-align: center;\"><strong>Fique atento!<\/strong> O link da <strong>aula ao vivo<\/strong> ser\u00e1 enviado exclusivamente no seu <strong>e-mail.<\/strong><\/h5>\n<p>[\/et_pb_text][\/et_pb_column][\/et_pb_row][\/et_pb_section][et_pb_section bb_built=&#8221;1&#8243; admin_label=&#8221;section&#8221; background_color=&#8221;#e0e0e0&#8243; parallax=&#8221;on&#8221; custom_padding=&#8221;45px|0px|20px|0px&#8221; _builder_version=&#8221;3.9&#8243; next_background_color=&#8221;#000000&#8243; prev_background_color=&#8221;#f8aa41&#8243;][et_pb_row custom_width_px=&#8221;940px&#8221; use_custom_gutter=&#8221;on&#8221; gutter_width=&#8221;2&#8243; custom_padding=&#8221;0px|0px|20px|0px&#8221; padding_right_1=&#8221;7px&#8221; parallax_method_1=&#8221;off&#8221; parallax_method_2=&#8221;off&#8221; background_position=&#8221;top_left&#8221; background_repeat=&#8221;repeat&#8221; background_size=&#8221;initial&#8221;][et_pb_column type=&#8221;4_4&#8243;][et_pb_text background_position=&#8221;top_left&#8221; background_repeat=&#8221;repeat&#8221; background_size=&#8221;initial&#8221; _builder_version=&#8221;3.9&#8243;]<\/p>\n<h2 style=\"text-align: left;\"><strong>1\u00ba PASSO:<\/strong> Compartilhe com seus amigos.<\/h2>\n<div class=\"fb-share-button\" data-href=\"https:\/\/dtmstudio.com.br\/DTM\/minicurso-projeto-revit-ev-pc\/\" data-layout=\"button_count\" data-size=\"large\" data-mobile-iframe=\"true\"><a class=\"fb-xfbml-parse-ignore\" href=\"https:\/\/www.facebook.com\/sharer\/sharer.php?u=https%3A%2F%2Fdtmstudio.com.br\/DTM%2Fminicurso-projeto-revit-ev-pc%2F&amp;src=sdkpreparse\" target=\"_blank\" rel=\"noopener\">Compartilhar<\/a><\/div>\n<p>[\/et_pb_text][et_pb_text background_position=&#8221;top_left&#8221; background_repeat=&#8221;repeat&#8221; background_size=&#8221;initial&#8221; _builder_version=&#8221;3.9&#8243;]<\/p>\n<h2><strong>2\u00ba PASSO:<\/strong> Deixe seu coment\u00e1rio sobre o que achou.<\/h2>\n<div class=\"fb-like\" data-href=\"https:\/\/www.facebook.com\/dtmstudioarquitetura\/\" data-layout=\"button_count\" data-action=\"like\" data-size=\"large\" data-show-faces=\"false\" data-share=\"false\"><\/div>\n<p>[\/et_pb_text][et_pb_code disabled_on=&#8221;off|off|off&#8221; _builder_version=&#8221;3.9&#8243;]&lt;div class=&#8221;fb-comments&#8221; data-href=&#8221;http:\/\/mkt.dtmstudio.com.br\/DTM\/rdpmev&#8221; data-width=&#8221;100%&#8221; data-numposts=&#8221;10&#8243;&gt;&lt;\/div&gt;[\/et_pb_code][\/et_pb_column][\/et_pb_row][\/et_pb_section][et_pb_section bb_built=&#8221;1&#8243; admin_label=&#8221;section&#8221; _builder_version=&#8221;3.0.74&#8243; background_color=&#8221;#e0e0e0&#8243; custom_padding=&#8221;20px|0px|54px|0px&#8221; prev_background_color=&#8221;#000000&#8243; next_background_color=&#8221;#000000&#8243;][et_pb_row admin_label=&#8221;row&#8221; custom_padding=&#8221;50px|0px|27px|0px&#8221; _builder_version=&#8221;3.0.47&#8243; background_size=&#8221;initial&#8221; background_position=&#8221;top_left&#8221; background_repeat=&#8221;repeat&#8221;][et_pb_column type=&#8221;4_4&#8243;][et_pb_blurb title=&#8221;D\u00daVIDAS?&#8221; use_icon=&#8221;on&#8221; font_icon=&#8221;\ue064&#8221; icon_color=&#8221;#f8aa41&#8243; _builder_version=&#8221;3.0.74&#8243; header_font_size=&#8221;30px&#8221; background_size=&#8221;initial&#8221; background_position=&#8221;top_left&#8221; background_repeat=&#8221;repeat&#8221; text_orientation=&#8221;center&#8221; \/][et_pb_toggle title=&#8221;Entre em contato com a nossa equipe! contato@dtmstudio.com.br\/DTM&#8221; closed_toggle_background_color=&#8221;#ffffff&#8221; icon_color=&#8221;#f8aa41&#8243; _builder_version=&#8221;3.0.66&#8243; background_size=&#8221;initial&#8221; background_position=&#8221;top_left&#8221; background_repeat=&#8221;repeat&#8221;]<\/p>\n<p>Envie-nos\u00a0sua d\u00favida.\u00a0Teremos prazer em respond\u00ea-la.<\/p>\n<p>[\/et_pb_toggle][\/et_pb_column][\/et_pb_row][\/et_pb_section][et_pb_section bb_built=&#8221;1&#8243; admin_label=&#8221;section&#8221; fullwidth=&#8221;on&#8221; _builder_version=&#8221;3.0.74&#8243; background_color=&#8221;#e0e0e0&#8243; custom_padding=&#8221;10px|0px|0px|0px&#8221; prev_background_color=&#8221;#000000&#8243;][et_pb_fullwidth_portfolio title=&#8221;Aprenda com quem faz!&#8221; posts_number=&#8221;0&#8243; show_date=&#8221;off&#8221; _builder_version=&#8221;3.0.66&#8243; background_size=&#8221;initial&#8221; background_position=&#8221;top_left&#8221; background_repeat=&#8221;repeat&#8221; auto=&#8221;on&#8221; auto_speed=&#8221;5000&#8243; \/][\/et_pb_section]<\/p>\n<span class=\"et_bloom_bottom_trigger\"><\/span>","protected":false},"excerpt":{"rendered":"<p>INSCRI\u00c7\u00d5ES ABERTAS!!! CURSO DESENVOLVIMENTO DE PROJETO DE ARQUITETURA NO REVIT. Minicurso Online COMO DESENVOLVER O SEU PROJETO NO REVIT aprenda como desenvolver O seu Estudo de Viabilidade no Revit Fique atento! O link da aula ao vivo ser\u00e1 enviado exclusivamente no seu e-mail. Entender\u00e1 as Fases e as Etapas de um Projeto. Aprender\u00e1 os N\u00edveis [&hellip;]<\/p>\n","protected":false},"author":1,"featured_media":0,"parent":0,"menu_order":0,"comment_status":"closed","ping_status":"closed","template":"page-template-blank.php","meta":{"_et_pb_use_builder":"on","_et_pb_old_content":"","_et_gb_content_width":"","footnotes":""},"class_list":["post-4556","page","type-page","status-publish","hentry"],"yoast_head":"<!-- This site is optimized with the Yoast SEO plugin v25.2 - https:\/\/yoast.com\/wordpress\/plugins\/seo\/ -->\n<title>rdpmev1 - DTM Studio<\/title>\n<meta name=\"robots\" content=\"index, follow, max-snippet:-1, max-image-preview:large, max-video-preview:-1\" \/>\n<link rel=\"canonical\" href=\"https:\/\/dtmstudio.com.br\/rdpmev1\/\" \/>\n<meta property=\"og:locale\" content=\"pt_PT\" \/>\n<meta property=\"og:type\" content=\"article\" \/>\n<meta property=\"og:title\" content=\"rdpmev1 - DTM Studio\" \/>\n<meta property=\"og:description\" content=\"INSCRI\u00c7\u00d5ES ABERTAS!!! CURSO DESENVOLVIMENTO DE PROJETO DE ARQUITETURA NO REVIT. Minicurso Online COMO DESENVOLVER O SEU PROJETO NO REVIT aprenda como desenvolver O seu Estudo de Viabilidade no Revit Fique atento! O link da aula ao vivo ser\u00e1 enviado exclusivamente no seu e-mail. Entender\u00e1 as Fases e as Etapas de um Projeto. Aprender\u00e1 os N\u00edveis [&hellip;]\" \/>\n<meta property=\"og:url\" content=\"https:\/\/dtmstudio.com.br\/rdpmev1\/\" \/>\n<meta property=\"og:site_name\" content=\"DTM Studio\" \/>\n<meta property=\"article:modified_time\" content=\"2018-09-24T14:45:42+00:00\" \/>\n<meta name=\"twitter:card\" content=\"summary_large_image\" \/>\n<meta name=\"twitter:label1\" content=\"Tempo estimado de leitura\" \/>\n\t<meta name=\"twitter:data1\" content=\"8 minutos\" \/>\n<script type=\"application\/ld+json\" class=\"yoast-schema-graph\">{\"@context\":\"https:\/\/schema.org\",\"@graph\":[{\"@type\":\"WebPage\",\"@id\":\"https:\/\/dtmstudio.com.br\/rdpmev1\/\",\"url\":\"https:\/\/dtmstudio.com.br\/rdpmev1\/\",\"name\":\"rdpmev1 - DTM Studio\",\"isPartOf\":{\"@id\":\"https:\/\/dtmstudio.com.br\/#website\"},\"datePublished\":\"2018-09-11T19:44:52+00:00\",\"dateModified\":\"2018-09-24T14:45:42+00:00\",\"breadcrumb\":{\"@id\":\"https:\/\/dtmstudio.com.br\/rdpmev1\/#breadcrumb\"},\"inLanguage\":\"pt-PT\",\"potentialAction\":[{\"@type\":\"ReadAction\",\"target\":[\"https:\/\/dtmstudio.com.br\/rdpmev1\/\"]}]},{\"@type\":\"BreadcrumbList\",\"@id\":\"https:\/\/dtmstudio.com.br\/rdpmev1\/#breadcrumb\",\"itemListElement\":[{\"@type\":\"ListItem\",\"position\":1,\"name\":\"Home\",\"item\":\"https:\/\/dtmstudio.com.br\/DTM\/\"},{\"@type\":\"ListItem\",\"position\":2,\"name\":\"rdpmev1\"}]},{\"@type\":\"WebSite\",\"@id\":\"https:\/\/dtmstudio.com.br\/#website\",\"url\":\"https:\/\/dtmstudio.com.br\/\",\"name\":\"DTM Studio\",\"description\":\"DTM Studio Arquitetura\",\"potentialAction\":[{\"@type\":\"SearchAction\",\"target\":{\"@type\":\"EntryPoint\",\"urlTemplate\":\"https:\/\/dtmstudio.com.br\/?s={search_term_string}\"},\"query-input\":{\"@type\":\"PropertyValueSpecification\",\"valueRequired\":true,\"valueName\":\"search_term_string\"}}],\"inLanguage\":\"pt-PT\"}]}<\/script>\n<!-- \/ Yoast SEO plugin. -->","yoast_head_json":{"title":"rdpmev1 - DTM Studio","robots":{"index":"index","follow":"follow","max-snippet":"max-snippet:-1","max-image-preview":"max-image-preview:large","max-video-preview":"max-video-preview:-1"},"canonical":"https:\/\/dtmstudio.com.br\/rdpmev1\/","og_locale":"pt_PT","og_type":"article","og_title":"rdpmev1 - DTM Studio","og_description":"INSCRI\u00c7\u00d5ES ABERTAS!!! CURSO DESENVOLVIMENTO DE PROJETO DE ARQUITETURA NO REVIT. Minicurso Online COMO DESENVOLVER O SEU PROJETO NO REVIT aprenda como desenvolver O seu Estudo de Viabilidade no Revit Fique atento! O link da aula ao vivo ser\u00e1 enviado exclusivamente no seu e-mail. Entender\u00e1 as Fases e as Etapas de um Projeto. Aprender\u00e1 os N\u00edveis [&hellip;]","og_url":"https:\/\/dtmstudio.com.br\/rdpmev1\/","og_site_name":"DTM Studio","article_modified_time":"2018-09-24T14:45:42+00:00","twitter_card":"summary_large_image","twitter_misc":{"Tempo estimado de leitura":"8 minutos"},"schema":{"@context":"https:\/\/schema.org","@graph":[{"@type":"WebPage","@id":"https:\/\/dtmstudio.com.br\/rdpmev1\/","url":"https:\/\/dtmstudio.com.br\/rdpmev1\/","name":"rdpmev1 - DTM Studio","isPartOf":{"@id":"https:\/\/dtmstudio.com.br\/#website"},"datePublished":"2018-09-11T19:44:52+00:00","dateModified":"2018-09-24T14:45:42+00:00","breadcrumb":{"@id":"https:\/\/dtmstudio.com.br\/rdpmev1\/#breadcrumb"},"inLanguage":"pt-PT","potentialAction":[{"@type":"ReadAction","target":["https:\/\/dtmstudio.com.br\/rdpmev1\/"]}]},{"@type":"BreadcrumbList","@id":"https:\/\/dtmstudio.com.br\/rdpmev1\/#breadcrumb","itemListElement":[{"@type":"ListItem","position":1,"name":"Home","item":"https:\/\/dtmstudio.com.br\/DTM\/"},{"@type":"ListItem","position":2,"name":"rdpmev1"}]},{"@type":"WebSite","@id":"https:\/\/dtmstudio.com.br\/#website","url":"https:\/\/dtmstudio.com.br\/","name":"DTM Studio","description":"DTM Studio Arquitetura","potentialAction":[{"@type":"SearchAction","target":{"@type":"EntryPoint","urlTemplate":"https:\/\/dtmstudio.com.br\/?s={search_term_string}"},"query-input":{"@type":"PropertyValueSpecification","valueRequired":true,"valueName":"search_term_string"}}],"inLanguage":"pt-PT"}]}},"_links":{"self":[{"href":"https:\/\/dtmstudio.com.br\/DTM\/wp-json\/wp\/v2\/pages\/4556","targetHints":{"allow":["GET"]}}],"collection":[{"href":"https:\/\/dtmstudio.com.br\/DTM\/wp-json\/wp\/v2\/pages"}],"about":[{"href":"https:\/\/dtmstudio.com.br\/DTM\/wp-json\/wp\/v2\/types\/page"}],"author":[{"embeddable":true,"href":"https:\/\/dtmstudio.com.br\/DTM\/wp-json\/wp\/v2\/users\/1"}],"replies":[{"embeddable":true,"href":"https:\/\/dtmstudio.com.br\/DTM\/wp-json\/wp\/v2\/comments?post=4556"}],"version-history":[{"count":23,"href":"https:\/\/dtmstudio.com.br\/DTM\/wp-json\/wp\/v2\/pages\/4556\/revisions"}],"predecessor-version":[{"id":5442,"href":"https:\/\/dtmstudio.com.br\/DTM\/wp-json\/wp\/v2\/pages\/4556\/revisions\/5442"}],"wp:attachment":[{"href":"https:\/\/dtmstudio.com.br\/DTM\/wp-json\/wp\/v2\/media?parent=4556"}],"curies":[{"name":"wp","href":"https:\/\/api.w.org\/{rel}","templated":true}]}}