{"id":87,"date":"2015-08-25T13:16:56","date_gmt":"2015-08-25T16:16:56","guid":{"rendered":"https:\/\/dtmstudio.com.br\/DTM\/?page_id=87"},"modified":"2017-01-25T02:42:14","modified_gmt":"2017-01-25T05:42:14","slug":"servicos","status":"publish","type":"page","link":"https:\/\/dtmstudio.com.br\/DTM\/servicos\/","title":{"rendered":"Servi\u00e7os"},"content":{"rendered":"<p>[et_pb_section admin_label=&#8221;Section&#8221; fullwidth=&#8221;off&#8221; specialty=&#8221;off&#8221; transparent_background=&#8221;off&#8221; allow_player_pause=&#8221;off&#8221; inner_shadow=&#8221;off&#8221; parallax=&#8221;on&#8221; parallax_method=&#8221;off&#8221; padding_mobile=&#8221;off&#8221; make_fullwidth=&#8221;off&#8221; use_custom_width=&#8221;off&#8221; width_unit=&#8221;on&#8221; make_equal=&#8221;off&#8221; use_custom_gutter=&#8221;off&#8221; background_color=&#8221;#ffffff&#8221; collapsed=&#8221;off&#8221; disabled=&#8221;off&#8221; background_image=&#8221;https:\/\/dtmstudio.com.br\/DTM\/wp-content\/uploads\/2015\/08\/DTM-Cubos-3D_1680x1050.jpg&#8221; gutter_width=&#8221;3&#8243;][et_pb_row admin_label=&#8221;Row&#8221; make_fullwidth=&#8221;off&#8221; use_custom_width=&#8221;off&#8221; width_unit=&#8221;on&#8221; use_custom_gutter=&#8221;off&#8221; padding_mobile=&#8221;off&#8221; allow_player_pause=&#8221;off&#8221; parallax=&#8221;off&#8221; parallax_method=&#8221;off&#8221; make_equal=&#8221;off&#8221; column_padding_mobile=&#8221;on&#8221;][et_pb_column type=&#8221;4_4&#8243;][et_pb_text admin_label=&#8221;Text&#8221; background_layout=&#8221;dark&#8221; text_orientation=&#8221;center&#8221; use_border_color=&#8221;off&#8221; border_color=&#8221;#ffffff&#8221; border_style=&#8221;solid&#8221;]<\/p>\n<h1 style=\"text-align: center;\">SERVI\u00c7OS<\/h1>\n<p>Somos um escrit\u00f3rio brasileiro, com sedes no Brasil e no Chile, que desenvolve projetos de arquitetura desde a fase de concep\u00e7\u00e3o. Atuamos nos segmentos residencial, corporativo, industrial e institucional. Executamos atividades em diferente etapas, desde a an\u00e1lise da viabilidade do projeto e de seu programa de necessidades, at\u00e9 as fases de detalhamento e acompanhamento da obra. Nossos profissionais utilizam tecnologias avan\u00e7adas para coordenar e gerenciar todas as etapas do projeto.<\/p>\n<p>A DTM Studio \u00e9 atenta ao desenvolvimento tecnol\u00f3gico para entregar projetos de alta qualidade. Neste contexto, destaca-se a Tecnologia\/Metodologia BIM (Building Information Modeling \u2013 Modelo de Informa\u00e7\u00e3o da Constru\u00e7\u00e3o) que \u00e9 utilizada pelo escrit\u00f3rio para o desenvolvimento de seus projetos.<\/p>\n<p>&nbsp;<\/p>\n<p>[\/et_pb_text][\/et_pb_column][\/et_pb_row][et_pb_row admin_label=&#8221;Row&#8221; make_fullwidth=&#8221;off&#8221; use_custom_width=&#8221;off&#8221; width_unit=&#8221;on&#8221; use_custom_gutter=&#8221;on&#8221; padding_mobile=&#8221;off&#8221; allow_player_pause=&#8221;off&#8221; parallax=&#8221;off&#8221; parallax_method=&#8221;off&#8221; make_equal=&#8221;on&#8221; column_padding_mobile=&#8221;on&#8221; gutter_width=&#8221;1&#8243; parallax_1=&#8221;off&#8221; parallax_method_1=&#8221;off&#8221; parallax_2=&#8221;off&#8221; parallax_method_2=&#8221;off&#8221; parallax_3=&#8221;off&#8221; parallax_method_3=&#8221;off&#8221; parallax_4=&#8221;off&#8221; parallax_method_4=&#8221;off&#8221;][et_pb_column type=&#8221;1_4&#8243;][et_pb_blurb admin_label=&#8221;Projeto&#8221; url_new_window=&#8221;off&#8221; use_icon=&#8221;off&#8221; font_icon=&#8221;%%284%%&#8221; icon_color=&#8221;#ffffff&#8221; use_circle=&#8221;on&#8221; circle_color=&#8221;#E94255&#8243; use_circle_border=&#8221;on&#8221; circle_border_color=&#8221;#ffffff&#8221; icon_placement=&#8221;top&#8221; animation=&#8221;left&#8221; background_layout=&#8221;dark&#8221; text_orientation=&#8221;center&#8221; use_icon_font_size=&#8221;off&#8221; use_border_color=&#8221;off&#8221; border_color=&#8221;#b7b7b7&#8243; border_style=&#8221;solid&#8221; icon_font_size=&#8221;20&#8243; image=&#8221;https:\/\/dtmstudio.com.br\/DTM\/wp-content\/uploads\/2015\/08\/DTM-Studio-Projeto_branco_48dp_2x.png&#8221; custom_padding=&#8221;40px||9px|&#8221; background_color=&#8221;rgba(136,224,87,0.61)&#8221; title=&#8221;Projeto&#8221; custom_margin=&#8221;||-40px|&#8221; url=&#8221;https:\/\/dtmstudio.com.br\/DTM\/projeto&#8221; disabled=&#8221;off&#8221;] [\/et_pb_blurb][et_pb_toggle admin_label=&#8221;Projeto servi\u00e7os&#8221; open=&#8221;off&#8221; use_border_color=&#8221;on&#8221; border_color=&#8221;#88e057&#8243; border_style=&#8221;solid&#8221; closed_toggle_background_color=&#8221;rgba(136,224,87,0)&#8221; icon_color=&#8221;#88e057&#8243; open_toggle_background_color=&#8221;rgba(136,224,87,0.61)&#8221; title_text_color=&#8221;#ffffff&#8221; body_text_color=&#8221;#ffffff&#8221; border_width=&#8221;0px&#8221; disabled=&#8221;off&#8221;]<\/p>\n<p><a href=\"https:\/\/dtmstudio.com.br\/DTM\/projeto\/\"><img loading=\"lazy\" decoding=\"async\" class=\"size-full wp-image-1406 alignleft\" src=\"https:\/\/dtmstudio.com.br\/DTM\/wp-content\/uploads\/2015\/08\/DTM-Studio-Desenvolvimento-Projeto_branco_48dp_1x.png\" alt=\"DTM Studio Desenvolvimento Projeto_branco_48dp_1x\" width=\"48\" height=\"48\" \/><\/a>Concep\u00e7\u00e3o Arquitet\u00f4nica<\/p>\n<p>&nbsp;<\/p>\n<p><a href=\"https:\/\/dtmstudio.com.br\/DTM\/projeto\/\"><img loading=\"lazy\" decoding=\"async\" class=\"size-full wp-image-1400 alignleft\" src=\"https:\/\/dtmstudio.com.br\/DTM\/wp-content\/uploads\/2015\/08\/ic_domain_white_48dp_1x.png\" alt=\"ic_domain_white_48dp_1x\" width=\"48\" height=\"48\" \/><\/a> Desenvolvimento Projeto<\/p>\n<p>[\/et_pb_toggle][\/et_pb_column][et_pb_column type=&#8221;1_4&#8243;][et_pb_blurb admin_label=&#8221;BIM&#8221; url_new_window=&#8221;off&#8221; use_icon=&#8221;off&#8221; font_icon=&#8221;%%284%%&#8221; icon_color=&#8221;#ffffff&#8221; use_circle=&#8221;on&#8221; circle_color=&#8221;#E94255&#8243; use_circle_border=&#8221;on&#8221; circle_border_color=&#8221;#ffffff&#8221; icon_placement=&#8221;top&#8221; animation=&#8221;left&#8221; background_layout=&#8221;dark&#8221; text_orientation=&#8221;center&#8221; use_icon_font_size=&#8221;off&#8221; use_border_color=&#8221;off&#8221; border_color=&#8221;#b7b7b7&#8243; border_style=&#8221;solid&#8221; url=&#8221;https:\/\/dtmstudio.com.br\/DTM\/BIM\/&#8221; icon_font_size=&#8221;20&#8243; image=&#8221;https:\/\/dtmstudio.com.br\/DTM\/wp-content\/uploads\/2015\/08\/DTM-Studio-BIM_branco_48dp_2x.png&#8221; custom_padding=&#8221;40px||9px|&#8221; background_color=&#8221;rgba(248,170,65,0.66)&#8221; title=&#8221;BIM&#8221; custom_margin=&#8221;||-40px|&#8221; disabled=&#8221;off&#8221;] [\/et_pb_blurb][et_pb_toggle admin_label=&#8221;Projeto servi\u00e7os&#8221; open=&#8221;off&#8221; use_border_color=&#8221;on&#8221; border_color=&#8221;#f8aa41&#8243; border_style=&#8221;solid&#8221; closed_toggle_background_color=&#8221;rgba(0,0,0,0)&#8221; icon_color=&#8221;#f8aa41&#8243; open_toggle_background_color=&#8221;rgba(248,170,65,0.61)&#8221; border_width=&#8221;0px&#8221;]<\/p>\n<p><span style=\"color: #333333;\"><a style=\"color: #333333;\" href=\"https:\/\/dtmstudio.com.br\/DTM\/bim\/\"><img loading=\"lazy\" decoding=\"async\" class=\"size-full wp-image-1395 alignleft\" src=\"https:\/\/dtmstudio.com.br\/DTM\/wp-content\/uploads\/2015\/08\/ic_layers_white_48dp_1x.png\" alt=\"ic_layers_white_48dp_1x\" width=\"48\" height=\"48\" \/><\/a><span style=\"color: #ffffff;\">Mod<\/span><\/span><span style=\"color: #ffffff;\">elagem BIM<\/span><\/p>\n<p>&nbsp;<\/p>\n<p><span style=\"color: #ffffff;\"><a style=\"color: #ffffff;\" href=\"https:\/\/dtmstudio.com.br\/DTM\/bim\/\"><img loading=\"lazy\" decoding=\"async\" class=\"size-full wp-image-1396 alignleft\" src=\"https:\/\/dtmstudio.com.br\/DTM\/wp-content\/uploads\/2015\/08\/DTM-Studio-Checagem_branco_48dp_1x1.png\" alt=\"DTM Studio Checagem_branco_48dp_1x\" width=\"48\" height=\"48\" \/><\/a>Checagem \u00a0<\/span><\/p>\n<p>&nbsp;<\/p>\n<p><span style=\"color: #ffffff;\"><a style=\"color: #ffffff;\" href=\"https:\/\/dtmstudio.com.br\/DTM\/bim\/\"><img loading=\"lazy\" decoding=\"async\" class=\"size-full wp-image-1397 alignleft\" src=\"https:\/\/dtmstudio.com.br\/DTM\/wp-content\/uploads\/2015\/08\/ic_list_white_48dp_1x.png\" alt=\"ic_list_white_48dp_1x\" width=\"48\" height=\"48\" \/><\/a> Quantitativo<\/span><\/p>\n<p>&nbsp;<\/p>\n<p><span style=\"color: #ffffff;\"><a style=\"color: #ffffff;\" href=\"https:\/\/dtmstudio.com.br\/DTM\/bim\/\"><img loading=\"lazy\" decoding=\"async\" class=\"size-full wp-image-1398 alignleft\" src=\"https:\/\/dtmstudio.com.br\/DTM\/wp-content\/uploads\/2015\/08\/DTM-Studio-4D_branco_48dp_1x.png\" alt=\"DTM Studio 4D_branco_48dp_1x\" width=\"48\" height=\"48\" \/><\/a> Simula\u00e7\u00e3o 4D<\/span><\/p>\n<p>[\/et_pb_toggle][\/et_pb_column][et_pb_column type=&#8221;1_4&#8243;][et_pb_blurb admin_label=&#8221;Gerenciamento&#8221; url_new_window=&#8221;off&#8221; use_icon=&#8221;off&#8221; font_icon=&#8221;%%284%%&#8221; icon_color=&#8221;#ffffff&#8221; use_circle=&#8221;on&#8221; circle_color=&#8221;#E94255&#8243; use_circle_border=&#8221;on&#8221; circle_border_color=&#8221;#ffffff&#8221; icon_placement=&#8221;top&#8221; animation=&#8221;left&#8221; background_layout=&#8221;dark&#8221; text_orientation=&#8221;center&#8221; use_icon_font_size=&#8221;off&#8221; use_border_color=&#8221;off&#8221; border_color=&#8221;#b7b7b7&#8243; border_style=&#8221;solid&#8221; url=&#8221;https:\/\/dtmstudio.com.br\/DTM\/gerenciamento\/&#8221; icon_font_size=&#8221;20&#8243; image=&#8221;https:\/\/dtmstudio.com.br\/DTM\/wp-content\/uploads\/2015\/08\/DTM-Studio-Gerenciamento_branco_48dp_2x.png&#8221; custom_padding=&#8221;40px||9px|&#8221; background_color=&#8221;rgba(233,66,85,0.61)&#8221; title=&#8221;Gerenciamento&#8221; custom_margin=&#8221;||-40px|&#8221; disabled=&#8221;off&#8221;] [\/et_pb_blurb][et_pb_toggle admin_label=&#8221;Projeto servi\u00e7os&#8221; open=&#8221;off&#8221; use_border_color=&#8221;on&#8221; border_color=&#8221;#000000&#8243; border_style=&#8221;solid&#8221; closed_toggle_background_color=&#8221;rgba(255,255,255,0)&#8221; icon_color=&#8221;#e94255&#8243; open_toggle_background_color=&#8221;rgba(233,66,85,0.61)&#8221; title_text_color=&#8221;#ffffff&#8221; body_text_color=&#8221;#ffffff&#8221; border_width=&#8221;0px&#8221; disabled=&#8221;off&#8221; title_font_size=&#8221;16&#8243; body_font_size=&#8221;14&#8243;]<\/p>\n<p><a href=\"https:\/\/dtmstudio.com.br\/DTM\/gerenciamento\/\"><img loading=\"lazy\" decoding=\"async\" class=\"size-full wp-image-560 alignleft\" src=\"https:\/\/dtmstudio.com.br\/DTM\/wp-content\/uploads\/2015\/08\/DTM-Studio-Gerenciamento_branco_48dp_1x.png\" alt=\"DTM Studio Gerenciamento_branco_48dp_1x\" width=\"48\" height=\"48\" \/><\/a>Gerenciamento<\/p>\n<p>&nbsp;<\/p>\n<p><a href=\"https:\/\/dtmstudio.com.br\/DTM\/gerenciamento\/\"><img loading=\"lazy\" decoding=\"async\" class=\"size-full wp-image-1403 alignleft\" src=\"https:\/\/dtmstudio.com.br\/DTM\/wp-content\/uploads\/2015\/08\/DTM-Studio-Coordenacao_branco_48dp_1x.png\" alt=\"DTM Studio Coordenacao_branco_48dp_1x\" width=\"48\" height=\"48\" \/><\/a>Coordena\u00e7\u00e3o<\/p>\n<p>[\/et_pb_toggle][\/et_pb_column][et_pb_column type=&#8221;1_4&#8243;][et_pb_blurb admin_label=&#8221;Tecnologia&#8221; url_new_window=&#8221;off&#8221; use_icon=&#8221;off&#8221; font_icon=&#8221;%%284%%&#8221; icon_color=&#8221;#ffffff&#8221; use_circle=&#8221;on&#8221; circle_color=&#8221;#E94255&#8243; use_circle_border=&#8221;on&#8221; circle_border_color=&#8221;#ffffff&#8221; icon_placement=&#8221;top&#8221; animation=&#8221;left&#8221; background_layout=&#8221;dark&#8221; text_orientation=&#8221;center&#8221; use_icon_font_size=&#8221;off&#8221; use_border_color=&#8221;off&#8221; border_color=&#8221;#b7b7b7&#8243; border_style=&#8221;solid&#8221; url=&#8221;https:\/\/dtmstudio.com.br\/DTM\/tecnologia\/&#8221; icon_font_size=&#8221;20&#8243; image=&#8221;https:\/\/dtmstudio.com.br\/DTM\/wp-content\/uploads\/2015\/08\/DTM-Studio-Checagem_branco_48dp_2x.png&#8221; custom_padding=&#8221;40px||9px|&#8221; title=&#8221;Tecnologia&#8221; custom_margin=&#8221;||-40px|&#8221; background_color=&#8221;rgba(19,211,219,0.61)&#8221;] [\/et_pb_blurb][et_pb_toggle admin_label=&#8221;Projeto servi\u00e7os&#8221; open=&#8221;off&#8221; use_border_color=&#8221;on&#8221; border_color=&#8221;#000000&#8243; border_style=&#8221;solid&#8221; closed_toggle_background_color=&#8221;rgba(19,211,219,0)&#8221; icon_color=&#8221;#13d3db&#8221; open_toggle_background_color=&#8221;rgba(19,211,219,0.61)&#8221; border_width=&#8221;0px&#8221;]<\/p>\n<p><a href=\"https:\/\/dtmstudio.com.br\/DTM\/tecnologia\/\"><span style=\"color: #000000;\"><img loading=\"lazy\" decoding=\"async\" class=\"alignleft wp-image-2122\" src=\"https:\/\/dtmstudio.com.br\/DTM\/wp-content\/uploads\/2015\/08\/precious_Branco-300x300.png\" alt=\"precious_Branco\" width=\"49\" height=\"49\" \/><\/span><\/a><span style=\"color: #ffffff;\">Treinamentos<\/span><\/p>\n<p>&nbsp;<\/p>\n<p><span style=\"color: #ffffff;\"><a href=\"https:\/\/dtmstudio.com.br\/DTM\/tecnologia\/\"><img loading=\"lazy\" decoding=\"async\" class=\"wp-image-2124 alignleft\" src=\"https:\/\/dtmstudio.com.br\/DTM\/wp-content\/uploads\/2015\/08\/Biblioteca-branco-e1460645372578.png\" alt=\"Biblioteca-branco\" width=\"49\" height=\"41\" \/><\/a>Bibliotecas<br \/>\n<\/span><\/p>\n<p>&nbsp;<\/p>\n<p><span style=\"color: #ffffff;\"><a style=\"color: #ffffff;\" href=\"https:\/\/dtmstudio.com.br\/DTM\/tecnologia\/\"><img loading=\"lazy\" decoding=\"async\" class=\"size-full wp-image-1401 alignleft\" src=\"https:\/\/dtmstudio.com.br\/DTM\/wp-content\/uploads\/2015\/08\/DTM-Studio-Checagem_branco_48dp_1x2.png\" alt=\"DTM Studio Checagem_branco_48dp_1x\" width=\"48\" height=\"48\" \/><\/a>Aplicativos \u00a0 <\/span><\/p>\n<p>&nbsp;<\/p>\n<p><span style=\"color: #ffffff;\"><a style=\"color: #ffffff;\" href=\"https:\/\/dtmstudio.com.br\/DTM\/tecnologia\/\"><img loading=\"lazy\" decoding=\"async\" class=\"size-full wp-image-1404 alignleft\" src=\"https:\/\/dtmstudio.com.br\/DTM\/wp-content\/uploads\/2015\/08\/DTM-Studio-Plugin_branco_48dp_1x.png\" alt=\"DTM Studio Plugin_branco_48dp_1x\" width=\"48\" height=\"48\" \/><\/a>Plugin Autodesk<\/span><\/p>\n<p>&nbsp;<\/p>\n<p>[\/et_pb_toggle][\/et_pb_column][\/et_pb_row][\/et_pb_section]<\/p>\n<span class=\"et_bloom_bottom_trigger\"><\/span>","protected":false},"excerpt":{"rendered":"<p>SERVI\u00c7OS Somos um escrit\u00f3rio brasileiro, com sedes no Brasil e no Chile, que desenvolve projetos de arquitetura desde a fase de concep\u00e7\u00e3o. Atuamos nos segmentos residencial, corporativo, industrial e institucional. Executamos atividades em diferente etapas, desde a an\u00e1lise da viabilidade do projeto e de seu programa de necessidades, at\u00e9 as fases de detalhamento e acompanhamento [&hellip;]<\/p>\n","protected":false},"author":1,"featured_media":0,"parent":0,"menu_order":0,"comment_status":"closed","ping_status":"closed","template":"","meta":{"_et_pb_use_builder":"on","_et_pb_old_content":"","_et_gb_content_width":"","footnotes":""},"class_list":["post-87","page","type-page","status-publish","hentry"],"yoast_head":"<!-- This site is optimized with the Yoast SEO plugin v25.2 - https:\/\/yoast.com\/wordpress\/plugins\/seo\/ -->\n<title>Servi\u00e7os - DTM Studio<\/title>\n<meta name=\"robots\" content=\"index, follow, max-snippet:-1, max-image-preview:large, max-video-preview:-1\" \/>\n<link rel=\"canonical\" href=\"https:\/\/dtmstudio.com.br\/servicos\/\" \/>\n<meta property=\"og:locale\" content=\"pt_PT\" \/>\n<meta property=\"og:type\" content=\"article\" \/>\n<meta property=\"og:title\" content=\"Servi\u00e7os - DTM Studio\" \/>\n<meta property=\"og:description\" content=\"SERVI\u00c7OS Somos um escrit\u00f3rio brasileiro, com sedes no Brasil e no Chile, que desenvolve projetos de arquitetura desde a fase de concep\u00e7\u00e3o. Atuamos nos segmentos residencial, corporativo, industrial e institucional. Executamos atividades em diferente etapas, desde a an\u00e1lise da viabilidade do projeto e de seu programa de necessidades, at\u00e9 as fases de detalhamento e acompanhamento [&hellip;]\" \/>\n<meta property=\"og:url\" content=\"https:\/\/dtmstudio.com.br\/servicos\/\" \/>\n<meta property=\"og:site_name\" content=\"DTM Studio\" \/>\n<meta property=\"article:modified_time\" content=\"2017-01-25T05:42:14+00:00\" \/>\n<meta property=\"og:image\" content=\"https:\/\/dtmstudio.com.br\/wp-content\/uploads\/2015\/08\/DTM-Studio-Desenvolvimento-Projeto_branco_48dp_1x.png\" \/>\n<meta name=\"twitter:card\" content=\"summary_large_image\" \/>\n<meta name=\"twitter:label1\" content=\"Tempo estimado de leitura\" \/>\n\t<meta name=\"twitter:data1\" content=\"5 minutos\" \/>\n<script type=\"application\/ld+json\" class=\"yoast-schema-graph\">{\"@context\":\"https:\/\/schema.org\",\"@graph\":[{\"@type\":\"WebPage\",\"@id\":\"https:\/\/dtmstudio.com.br\/servicos\/\",\"url\":\"https:\/\/dtmstudio.com.br\/servicos\/\",\"name\":\"Servi\u00e7os - DTM Studio\",\"isPartOf\":{\"@id\":\"https:\/\/dtmstudio.com.br\/#website\"},\"primaryImageOfPage\":{\"@id\":\"https:\/\/dtmstudio.com.br\/servicos\/#primaryimage\"},\"image\":{\"@id\":\"https:\/\/dtmstudio.com.br\/servicos\/#primaryimage\"},\"thumbnailUrl\":\"https:\/\/dtmstudio.com.br\/DTM\/wp-content\/uploads\/2015\/08\/DTM-Studio-Desenvolvimento-Projeto_branco_48dp_1x.png\",\"datePublished\":\"2015-08-25T16:16:56+00:00\",\"dateModified\":\"2017-01-25T05:42:14+00:00\",\"breadcrumb\":{\"@id\":\"https:\/\/dtmstudio.com.br\/servicos\/#breadcrumb\"},\"inLanguage\":\"pt-PT\",\"potentialAction\":[{\"@type\":\"ReadAction\",\"target\":[\"https:\/\/dtmstudio.com.br\/servicos\/\"]}]},{\"@type\":\"ImageObject\",\"inLanguage\":\"pt-PT\",\"@id\":\"https:\/\/dtmstudio.com.br\/servicos\/#primaryimage\",\"url\":\"https:\/\/dtmstudio.com.br\/DTM\/wp-content\/uploads\/2015\/08\/DTM-Studio-Desenvolvimento-Projeto_branco_48dp_1x.png\",\"contentUrl\":\"https:\/\/dtmstudio.com.br\/DTM\/wp-content\/uploads\/2015\/08\/DTM-Studio-Desenvolvimento-Projeto_branco_48dp_1x.png\",\"width\":48,\"height\":48},{\"@type\":\"BreadcrumbList\",\"@id\":\"https:\/\/dtmstudio.com.br\/servicos\/#breadcrumb\",\"itemListElement\":[{\"@type\":\"ListItem\",\"position\":1,\"name\":\"Home\",\"item\":\"https:\/\/dtmstudio.com.br\/DTM\/\"},{\"@type\":\"ListItem\",\"position\":2,\"name\":\"Servi\u00e7os\"}]},{\"@type\":\"WebSite\",\"@id\":\"https:\/\/dtmstudio.com.br\/#website\",\"url\":\"https:\/\/dtmstudio.com.br\/\",\"name\":\"DTM Studio\",\"description\":\"DTM Studio Arquitetura\",\"potentialAction\":[{\"@type\":\"SearchAction\",\"target\":{\"@type\":\"EntryPoint\",\"urlTemplate\":\"https:\/\/dtmstudio.com.br\/?s={search_term_string}\"},\"query-input\":{\"@type\":\"PropertyValueSpecification\",\"valueRequired\":true,\"valueName\":\"search_term_string\"}}],\"inLanguage\":\"pt-PT\"}]}<\/script>\n<!-- \/ Yoast SEO plugin. -->","yoast_head_json":{"title":"Servi\u00e7os - DTM Studio","robots":{"index":"index","follow":"follow","max-snippet":"max-snippet:-1","max-image-preview":"max-image-preview:large","max-video-preview":"max-video-preview:-1"},"canonical":"https:\/\/dtmstudio.com.br\/servicos\/","og_locale":"pt_PT","og_type":"article","og_title":"Servi\u00e7os - DTM Studio","og_description":"SERVI\u00c7OS Somos um escrit\u00f3rio brasileiro, com sedes no Brasil e no Chile, que desenvolve projetos de arquitetura desde a fase de concep\u00e7\u00e3o. Atuamos nos segmentos residencial, corporativo, industrial e institucional. Executamos atividades em diferente etapas, desde a an\u00e1lise da viabilidade do projeto e de seu programa de necessidades, at\u00e9 as fases de detalhamento e acompanhamento [&hellip;]","og_url":"https:\/\/dtmstudio.com.br\/servicos\/","og_site_name":"DTM Studio","article_modified_time":"2017-01-25T05:42:14+00:00","og_image":[{"url":"https:\/\/dtmstudio.com.br\/wp-content\/uploads\/2015\/08\/DTM-Studio-Desenvolvimento-Projeto_branco_48dp_1x.png","type":"","width":"","height":""}],"twitter_card":"summary_large_image","twitter_misc":{"Tempo estimado de leitura":"5 minutos"},"schema":{"@context":"https:\/\/schema.org","@graph":[{"@type":"WebPage","@id":"https:\/\/dtmstudio.com.br\/servicos\/","url":"https:\/\/dtmstudio.com.br\/servicos\/","name":"Servi\u00e7os - DTM Studio","isPartOf":{"@id":"https:\/\/dtmstudio.com.br\/#website"},"primaryImageOfPage":{"@id":"https:\/\/dtmstudio.com.br\/servicos\/#primaryimage"},"image":{"@id":"https:\/\/dtmstudio.com.br\/servicos\/#primaryimage"},"thumbnailUrl":"https:\/\/dtmstudio.com.br\/DTM\/wp-content\/uploads\/2015\/08\/DTM-Studio-Desenvolvimento-Projeto_branco_48dp_1x.png","datePublished":"2015-08-25T16:16:56+00:00","dateModified":"2017-01-25T05:42:14+00:00","breadcrumb":{"@id":"https:\/\/dtmstudio.com.br\/servicos\/#breadcrumb"},"inLanguage":"pt-PT","potentialAction":[{"@type":"ReadAction","target":["https:\/\/dtmstudio.com.br\/servicos\/"]}]},{"@type":"ImageObject","inLanguage":"pt-PT","@id":"https:\/\/dtmstudio.com.br\/servicos\/#primaryimage","url":"https:\/\/dtmstudio.com.br\/DTM\/wp-content\/uploads\/2015\/08\/DTM-Studio-Desenvolvimento-Projeto_branco_48dp_1x.png","contentUrl":"https:\/\/dtmstudio.com.br\/DTM\/wp-content\/uploads\/2015\/08\/DTM-Studio-Desenvolvimento-Projeto_branco_48dp_1x.png","width":48,"height":48},{"@type":"BreadcrumbList","@id":"https:\/\/dtmstudio.com.br\/servicos\/#breadcrumb","itemListElement":[{"@type":"ListItem","position":1,"name":"Home","item":"https:\/\/dtmstudio.com.br\/DTM\/"},{"@type":"ListItem","position":2,"name":"Servi\u00e7os"}]},{"@type":"WebSite","@id":"https:\/\/dtmstudio.com.br\/#website","url":"https:\/\/dtmstudio.com.br\/","name":"DTM Studio","description":"DTM Studio Arquitetura","potentialAction":[{"@type":"SearchAction","target":{"@type":"EntryPoint","urlTemplate":"https:\/\/dtmstudio.com.br\/?s={search_term_string}"},"query-input":{"@type":"PropertyValueSpecification","valueRequired":true,"valueName":"search_term_string"}}],"inLanguage":"pt-PT"}]}},"_links":{"self":[{"href":"https:\/\/dtmstudio.com.br\/DTM\/wp-json\/wp\/v2\/pages\/87","targetHints":{"allow":["GET"]}}],"collection":[{"href":"https:\/\/dtmstudio.com.br\/DTM\/wp-json\/wp\/v2\/pages"}],"about":[{"href":"https:\/\/dtmstudio.com.br\/DTM\/wp-json\/wp\/v2\/types\/page"}],"author":[{"embeddable":true,"href":"https:\/\/dtmstudio.com.br\/DTM\/wp-json\/wp\/v2\/users\/1"}],"replies":[{"embeddable":true,"href":"https:\/\/dtmstudio.com.br\/DTM\/wp-json\/wp\/v2\/comments?post=87"}],"version-history":[{"count":132,"href":"https:\/\/dtmstudio.com.br\/DTM\/wp-json\/wp\/v2\/pages\/87\/revisions"}],"predecessor-version":[{"id":2636,"href":"https:\/\/dtmstudio.com.br\/DTM\/wp-json\/wp\/v2\/pages\/87\/revisions\/2636"}],"wp:attachment":[{"href":"https:\/\/dtmstudio.com.br\/DTM\/wp-json\/wp\/v2\/media?parent=87"}],"curies":[{"name":"wp","href":"https:\/\/api.w.org\/{rel}","templated":true}]}}